 w(2).
-54
Let s(a) = -8*a + 14. Give s(2).
-2
Let g(p) = -58*p + 404. Give g(7).
-2
Let r(z) = z**2 + 3*z - 5. What is r(4)?
23
Let t(j) = 30*j + 2. Give t(-1).
-28
Let t(k) = k**3 + 15*k**2 + 24*k - 8. Give t(-13).
18
Let k(m) = m**2 - 5*m + 4. Give k(1).
0
Let i(f) = 2*f - 51. Calculate i(-22).
-95
Let i(t) = -t**3 - 10*t**2 + 9. Determine i(0).
9
Let j(y) = -y**3 - 11*y**2 - 8*y + 23. Determine j(-10).
3
Let p(s) = -s**2 - 5*s - 12. Give p(-8).
-36
Let d(p) = -p**3 + 11*p**2 + 41*p + 20. Give d(14).
6
Let a(x) = -2*x**2 + 29*x + 416. What is a(-9)?
-7
Let b(x) = x**2 - 3*x - 9. Give b(5).
1
Let r(h) = -22*h**3 - h - 2. Give r(-1).
21
Let p(b) = 13*b - 38. Determine p(11).
105
Let z(h) = h**2 + 6*h - 21. Calculate z(-9).
6
Let u(f) = -f**3 - 9*f**2 + f + 14. Determine u(-9).
5
Let l(o) = -52*o - 4. What is l(-2)?
100
Let i(h) = -4*h + 15. Calculate i(6).
-9
Let l(d) = -3*d + 100. Calculate l(20).
40
Let j(n) = 8*n**3 + 3*n**2 - 11*n - 13. Calculate j(-1).
-7
Let z(i) = -33*i - 25. What is z(-1)?
8
Let g(u) = -8*u - 26. What is g(-6)?
22
Let x(i) = 7*i - 114. What is x(17)?
5
Let w(n) = n**3 + 29*n**2 - 32*n - 12. Calculate w(-30).
48
Let c(g) = g**3 - 7*g**2 - 9*g + 9. Determine c(8).
1
Let c(v) = -15*v + 360. Determine c(24).
0
Let w(g) = -g**2 + 22*g - 14. What is w(20)?
26
Let h(i) = 13*i + 14. Give h(-5).
-51
Let p(x) = x**2 - 21*x - 1. Give p(21).
-1
Let r(o) = -o**2 - 17*o - 75. Calculate r(-5).
-15
Let x(u) = 4*u + 35. Determine x(-28).
-77
Let p(y) = -y**3 - 9*y**2 - 16*y - 10. Determine p(-7).
4
Let i(k) = k**3 - 16*k**2 - 12*k - 76. Determine i(17).
9
Let a(c) = -11*c - 4. Give a(-2).
18
Let j(s) = s**3 - 9*s**2 - 11*s - 13. Calculate j(10).
-23
Let l(n) = n**2 + 11*n - 223. What is l(-21)?
-13
Let t(y) = 26*y**2. Calculate t(-1).
26
Let w(z) = z**2 - 26*z + 6. Give w(22).
-82
Let d(t) = t**3 + 9*t**2 + 2*t + 2. Calculate d(-7).
86
Let y(t) = t**3 + 7*t**2 + 11*t + 1. Determine y(-4).
5
Let d(r) = -r**3 + 11*r**2 - 11*r - 7. Calculate d(10).
-17
Let q(m) = -3*m - 4. Calculate q(10).
-34
Let q(v) = v**2 - 15*v - 20. What is q(15)?
-20
Let p(d) = d**2 + 17*d - 19. What is p(-18)?
-1
Let g(o) = -10*o - 44. Give g(-4).
-4
Let a(y) = -3*y**2 - 2*y - 1. What is a(-1)?
-2
Let m(z) = -z**3 - 6*z**2 - 2. Calculate m(-6).
-2
Let b(q) = 17*q + 98. Determine b(-6).
-4
Let n(g) = -g**2 - 3*g - 2. Calculate n(-2).
0
Let n(m) = -m - 2. What is n(-2)?
0
Let o(q) = 2*q**3 + 14*q**2 + 5*q - 20. Give o(-6).
22
Let n(g) = 14*g + 27. Determine n(3).
69
Let h(z) = 2*z**2 - 2*z + 5. Give h(0).
5
Let w(t) = -t**3 + 10*t**2 - 9*t + 14. Give w(9).
14
Let x(v) = -3*v**3 - 2*v**2 + v. Determine x(-2).
14
Let c(f) = -2*f - 84. Determine c(-33).
-18
Let q(c) = c**3 + 21*c**2 - 2*c - 26. Calculate q(-21).
16
Let z(t) = -3*t + 37. Calculate z(16).
-11
Let s(r) = r**3 + 10*r**2 + 10*r + 16. Give s(-9).
7
Let b(j) = -j**2 + 13*j - 26. What is b(9)?
10
Let x(n) = -2*n**2 - 4*n + 84. Calculate x(0).
84
Let n(w) = -3*w + 20. Give n(6).
2
Let y(r) = 8*r - 12. Determine y(-5).
-52
Let x(w) = -w**3 - 11*w**2 - w - 3. Determine x(-11).
8
Let h(w) = -10*w - 99. What is h(-11)?
11
Let u(y) = y**2 + 8*y + 2. Determine u(-10).
22
Let x(b) = -b**3 - 14*b**2 - 21*b + 12. Calculate x(-12).
-24
Let d(b) = -6*b - 5. What is d(-8)?
43
Let z(j) = -j**2 - 3*j + 22. Give z(-7).
-6
Let i(t) = -4*t**2 + 2*t - 4. Give i(2).
-16
Let q(t) = 99*t - 97. Give q(1).
2
Let i(m) = -3*m - 12. Calculate i(14).
-54
Let m(n) = -13*n - 34. Give m(-3).
5
Let l(s) = -2*s + 2. What is l(-5)?
12
Let b(d) = 17*d + 34. Give b(7).
153
Let t(j) = 16*j - 197. Determine t(15).
43
Let h(n) = n - 6. What is h(4)?
-2
Let c(t) = t**3 + 12*t**2 + 11*t + 3. Give c(-11).
3
Let y(v) = -7*v + 64. Calculate y(12).
-20
Let m(a) = -10*a**3 - a**2 + a. Determine m(1).
-10
Let o(n) = 4*n + 17. What is o(-15)?
-43
Let k(r) = r**2 - 5*r - 11. Determine k(6).
-5
Let t(x) = x**3 + 21*x**2 + 21. Calculate t(-21).
21
Let g(j) = 35*j - 1791. Calculate g(51).
-6
Let g(q) = 2*q**2 - 56*q - 25. Give g(27).
-79
Let f(t) = -t**3 + 41*t**2 + 84*t + 98. Determine f(43).
12
Let n(r) = r**2 + 9*r + 10. What is n(-11)?
32
Let r(f) = -138*f - 139. Give r(-1).
-1
Let h(a) = a**2 + 25*a + 51. Give h(-18).
-75
Let f(n) = -3*n**2 + 5*n + 4. Determine f(4).
-24
Let q(k) = k**2 - 2*k + 9. Calculate q(-8).
89
Let o(h) = h**3 + h**2 - 2*h + 12. What is o(-5)?
-78
Let a(o) = o**3 - 10*o**2 - 26*o + 15. Give a(12).
-9
Let j(n) = n**3 - 26*n**2 + 26*n - 22. Give j(25).
3
Let q(s) = -12*s - 1. Give q(1).
-13
Let q(b) = -b**2 + 10*b - 19. Determine q(6).
5
Let z(y) = 47*y + 4. What is z(-1)?
-43
Let v(x) = x**3 - 7*x**2 - 10*x - 3. Determine v(8).
-19
Let i(b) = 13*b + 2. What is i(3)?
41
Let p(l) = l**2 - 8*l - 10. Determine p(-6).
74
Let y(a) = -a**3 - 6*a**2 + 8*a + 6. Give y(-7).
-1
Let r(x) = 13*x + 2. Give r(4).
54
Let o(h) = h + 26. Calculate o(-23).
3
Let c(t) = -5*t**2 - 4*t + 3. Give c(0).
3
Let i(m) = m**2 - 3*m - 3. Calculate i(3).
-3
Let p(j) = -j**3 - 11*j**2 + j + 13. What is p(-11)?
2
Let u(h) = -19*h**2 - 3*h + 2. Determine u(1).
-20
Let u(l) = -6*l + 14. What is u(0)?
14
Let c(b) = -b + 12. Give c(9).
3
Let z(l) = 2*l**3 - 33*l**2 - 52*l - 7. Calculate z(18).
29
Let m(t) = -t**2 - t + 111. Calculate m(10).
1
Let s(k) = 16*k + 9. Calculate s(0).
9
Let o(m) = m**3 + 26*m**2 - 85*m + 63. Determine o(-29).
5
Let k(p) = -34*p + 101. What is k(3)?
-1
Let c(u) = -4*u - 10. Calculate c(-4).
6
Let l(v) = 2*v + 23. What is l(-9)?
5
Let i(o) = o**3 + 13*o**2 + 42*o + 3. Determine i(-8).
-13
Let m(n) = 2*n**2 - 9*n - 11. What is m(8)?
45
Let t(u) = -2*u**2 + 7*u. What is t(8)?
-72
Let z(p) = -p**3 + 13*p**2 - 13*p - 103. What is z(11)?
-4
Let g(k) = -13*k**2 + 2*k - 3. Calculate g(3).
-114
Let b(r) = -r**3 + 18*r**2 + r - 13. What is b(18)?
5
Let i(z) = -7*z - 37. Give i(-9).
26
Let y(s) = s**3 - 12*s**2 + 8*s + 14. What is y(11)?
-19
Let x(b) = 2*b + 21. What is x(-9)?
3
Let t(r) = -2*r + 1. Determine t(4).
-7
Let l(k) = k**3 + k**2 + 4. Determine l(3).
40
Let o(z) = z**3 - 13*z**2 + 13*z - 9. What is o(12)?
3
Let h(u) = u**2 + u - 331. Determine h(18).
11
Let k(u) = 3*u**3 - 9*u**2 - 2*u + 1. Give k(3).
-5
Let t(r) = -r - 6. Determine t(-9).
3
Let z(y) = y**3 + 6*y**2 + 5*y - 4. Determine z(-4).
8
Let i(p) = -p**2 - 46*p + 72. Give i(-48).
-24
Let t(a) = -50*a**2 + 351*a - 11. What is t(7)?
-4
Let v(k) = -3*k + 11. Determine v(3).
2
Let t(l) = -l**3 + 17*l**2 + 19*l + 15. Calculate t(18).
33
Let b(h) = 62*h**2 - 2*h - 1. Give b(-1).
63
Let b(n) = n**2 + 2. What is b(-2)?
6
Let y(w) = w**2 - 65*w - 48. Calculate y(66).
18
Let a(z) = -2*z**2 + 35*z - 27. Calculate a(17).
-10
Let v(u) = u**3 + 5*u**2 - 15. What is v(-4)?
1
Let a(j) = -j**2 - 3. Give a(0).
-3
Let l(d) = d**2 + 14*d + 33. Give l(-4).
-7
Let c(b) = 3*b + 6. Determine c(-9).
-21
Let s(z) = 2*z**2 - z. Determine s(-3).
21
Let q(k) = -6*k**2 + 2*k + 2. Determine q(-1).
-6
Let k(i) = -i**2 + 37*i + 365. What is k(45)?
5
Let i(d) = d**3 + 10*d**2 + 10*d - 12. Calculate i(-9).
-21
Let b(u) = u**2 + 32. Give b(0).
32
Let y(w) = -w**3 + 8*w**2 + 2*w - 10. Determine y(7).
53
Let v(n) = n + 27. Calculate v(-11).
16
Let n(j) = j**2 + 19*j + 6. Determine n(-19).
6
Let n(c) = -2*c**3 - 26*c**2 - 4*c - 43. Calculate n(-13).
9
Let z(d) = d**2 - 18*d + 33. What is z(2)?
1
Let g(z) = z**3 + 14*z**2 + 14*z - 3. Calculate g(-13).
-16
Let o(l) = l**2 + 2*l - 2. What is o(-4)?
6
Let o(i) = -135*i**2 + i - 2. Determine o(-1).
-138
Let k(g) = -3*g**3 - g**2 + g - 1. What is k(-2)?
17
Let a(o) = -48*o - 1. What is a(1)?
-49
Let z(s) = -19*s + 119. Determine z(6).
5
Let j(v) = v**3 + v - 5. Calculate j(0).
-5
Let t(c) = c**3 + 6*c**2 + 6*c - 7. What is t(-5)?
-12
Let y(b) = b**3 - 6*b**2 - 3*b - 2. What is y(6)?
-20
Let a(h) = h**2 + 18*h + 39. Calculate a(-13).
-26
Let z(m) = -37*m**3 + m + 1. What is z(-1)?
37
Let b(v) = 3*v**2 - 4*v + 7. Calculate b(2).
11
Let j(h) = h**3 - h**2 - 3*h - 2. Determine j(3).
7
Let v(z) = z**3 + 5*z**2 - 10*z - 13. Determine v(-6).
11
Let v(j) = -j**2 + 15*j - 4. Give v(18).
-58
Let p(c) = -14*c - 8. Calculate p(-5).
62
Let q(w) = 3*w. Determine q(-5).
-15
Let y(z) = 28*z + 68. What is y(-2)?
12
Let z(r) = -6*r**2 + r - 2. Give z(1).
-7
Let h(g) = g**3 + 12*g**2 - 13*g + 